).
49
Evaluate 36 - (15 - (-52 - 9)).
-40
Calculate (10 - 12) + -1 + -15 + 3 + -9.
-24
Evaluate -55 + (8 - -55) + (-68 - (-4 + 10)).
-66
Calculate 4 + 3 + -5 + 1 + (82 - 74).
11
8149 - 8128 - (-18 + -1 + 2 + 1)
37
Calculate 2 + -28 + -74 + 66 + 28.
-6
What is -72 - ((1 + -5 - -3) + (145 - 153))?
-63
4 + (46 - (77 + -47) - 15)
5
What is (1 - -2) + -5 - -7 - ((-80 - -51) + 15)?
19
Evaluate 61 - ((0 - -9) + -8 - 7 - -9).
58
Evaluate -9 - (-4 - -26 - (-79 - -102)).
-8
What is 27 + -26 + 12 + (14 - 13) + 0 + 5?
19
(-82 + 211 - -50) + -139
40
-8 + (-10 + (33 - 21) - -47)
41
Calculate 22 + -13 + (19 - 25) - 3.
0
What is 62 + (25 - (2 - -48))?
37
-50 - (71 - 39) - -75
-7
What is -1 + (20 - 1) + -1 + (-61834 - -61785)?
-32
What is 22 - (-64 + 55) - 80?
-49
What is 14 + -58 + (49 - -11)?
16
Evaluate -15 - (-18 - 22) - 56 - (-4 - (-1 - -3)).
-25
What is the value of 111 - (148 + (-64 - 15))?
42
Evaluate 127 + -128 + 23 - (-4 + 2 + 15).
9
What is the value of 17 - (3 + -2) - 6 - (4 + -27 + 113)?
-80
-38 - (53 - (20 - -42))
-29
Evaluate 0 + 37 + (30 - 26 - 20 - (-11 - 2)).
34
What is -11323 - -11325 - (-6 - -1 - 2 - 2)?
11
What is the value of 9 + -3 + 12 + (-50 + 10 + 2 - -10)?
-10
Evaluate (8 + 0 - (14 - 20 - -6)) + -62.
-54
What is the value of 42 - (-6 + 20 + -10)?
38
-1 - -30 - (-3013 - -3089)
-47
What is the value of -6963 - -7091 - (69 + -2)?
61
-4 + 10 - -5 - (64 + (-18 - -9) + 3)
-47
What is (1 - -10) + (-25 - (-23 + 37)) + -14?
-42
What is the value of 4 + -2 - -4 - -74 - (16 - -2 - 7)?
69
Calculate (87 - 87) + 24 + 3 + -95.
-68
What is -37 - (0 + 0 - (2 + -1))?
-36
-12 + (15 - 7) + (9 - 8) + 0
-3
Calculate -81 - 7 - (-109 + 79).
-58
Calculate 73 - (12 - ((10 - 7) + -21)).
43
What is the value of 2 + -19 + (69 + -71 - (-2 - 4))?
-13
What is 21 - (18 + (21 - 42)) - 59?
-35
What is 35 + (-33 - -31 - 51) + 20?
2
What is the value of 8563 + -8552 - (-3 - 0)?
14
What is the value of 8 - 7 - -59 - 46?
14
-103366 + 103494 - (20 - ((3 - 0) + -2))
109
What is the value of (-15 - -15 - (0 - 1)) + 760 + -714?
47
What is the value of (9 - 12) + 35 + 5 + -5 + 0?
32
What is the value of -87 - (-135 + 11 + 91)?
-54
Calculate -27 + (21 - (15 - (-5 - 24))).
-50
What is the value of -8 + ((0 - -39) + 0 - (88 + -75))?
18
What is the value of (5 - 1 - -5) + (-37 - (11 - 95)) - 5?
51
What is 89 + 13 + (373 - 472) - (0 - 0 - 110)?
113
What is the value of -2 - 8 - ((-1 - 7) + (-73 - -13 - 9))?
67
What is the value of 108 + -180 + 29 + 82?
39
Evaluate (-7 + 2 - (8 - 13) - -52) + -1.
51
What is the value of 2 - 31 - (5 + -17) - -29?
12
(-22 - -2) + 2 + -72 + 33 + 95
38
What is -11 - (-83 + (79 - 39))?
32
-74 + (-41 - (-6 - 18)) - -22
-69
What is 4 + 24 + -15 - 6 - (-49 - (-4 + 3))?
55
-1 + 74 - (15 - ((24 - 19 - 9) + 14))
68
Evaluate -21 + -11 + (10 - 20) + 31.
-11
-1 - 64 - (-16 + 11 + (4 + -16 - -16))
-64
9 - (-8 - (26 - -6))
49
Calculate (2 - -4) + -11 + (14 + 28 + 9 - 9).
37
What is the value of -10 + -2 - ((-8 - 10) + 11 + 18)?
-23
-78 - (70 - (-15 + 206))
43
Evaluate 47 + 22 + -1 + (6 - 12 - -17).
79
Calculate 38 - 0 - (152 - (243 + -114)).
15
Calculate -3 + (-21 + (5 - 14) - -13).
-20
Calculate (48 + -16 - 53 - 22) + 32.
-11
2 - (-14 - (-46 - (-18 - (-43 - -14))))
-41
Evaluate (10 - (68 - 25)) + 47.
14
3 - (-165 + 162 + (19 - 2))
-11
Evaluate 21 + -2 + 4 - 13 - 7.
3
What is the value of 62 - 0 - (-70 + -100 + 187)?
45
Evaluate ((160 - 11) + -17 - (4 + 19)) + 14.
123
What is the value of -33 + -1 + 885 + -878 - -62?
35
What is (-2 - (-2 - (3 + 3))) + 9 + 17 + -17?
15
What is the value of -1 + 3 + 0 + (0 - -1) + (-1 - -34)?
36
What is -39 - (-3 - (17 - -16)) - 96?
-99
What is (31 + -10 - 13) + (45 - 4)?
49
What is the value of -7 + (8 - -90) + (5 + 0 - -9)?
105
(0 + 82 - (-211 + 210)) + (2 - (-8 + 3))
90
103 - 90 - (56 - 1)
-42
(2 - -45) + (5 - (1 + -6 + 36 + -16))
37
What is -1 - (-1 - 2 - -4) - (-32 + 6 + -29)?
53
Calculate -25 - (59 - 161) - 72.
5
What is 273 + -285 - (1 + -9) - (-4 + 6 - -7)?
-13
Calculate 3 + -10 + (25 + -36 - (-47 - 0)).
29
What is the value of (-105 - -5) + 55 + -27?
-72
What is the value of -23 + (-7 - (-10 - (-13 + 2)))?
-31
Calculate 21 + 13 - (2 + -5 - 9 - -9).
37
Calculate -9 + 14 + -13 + -10 + 27.
9
What is the value of -34 - (8 - 11 - -21 - (4 + 0))?
-48
What is (-475 - -424) + -6 + 99?
42
-30 - 19 - (-4 + (-3 - -3) - 1) - -7
-37
What is -95 + -1 + (144 - (79 + 34))?
-65
(-4 - (2 - 0)) + (-8 - -23) - (-11 + 47)
-27
Calculate 27 + (100 - (98 + 23)).
6
What is the value of (-83 - -29) + 53 - (-4 - (-6 - 53))?
-56
What is the value of (-26 - (-24 - -10) - -13 - -61) + 9?
71
Evaluate 37 + 2 + (-11 - -7) + -19 + 74.
90
Evaluate -38 - ((30 - -25) + -119).
26
Calculate -79 - (-44 - -16) - -13.
-38
What is the value of 104 + (-30 - 138) + (-2 - 46)?
-112
Calculate 156 - (124 - -54) - (-13 + 2 + -3 + 0).
-8
Calculate (-666 + 670 - (-7 - 0 - 2)) + -49.
-36
What is (5 - 1) + (-43 + 11 - (-26 + 6))?
-8
What is the value of 2 + 2 + (-35 - -34 - -23 - (33 - -2))?
-9
Evaluate -17 - (2 + -35 + 32).
-16
What is the value of -139 - (-200 + (155 - 21))?
-73
What is -13 + 46 + -68 + (2 - (0 - 7))?
-26
Calculate (-1 - (-1 + 16)) + (6461 - 6419).
26
-12 - (31 + -6 + -1 + (19 - 17))
-38
What is -3 + 26 + 8 + (29 - ((-37 - -19) + 37))?
41
Calculate (-27 - (-13 - 16)) + (-27 - -2) + -4.
-27
What is the value of 419 - 319 - (-8 + 104)?
4
14 - (-12 - -11) - (29 - 8) - -1
-5
What is 15 - (-14 - (14 + (-17 - 12)))?
14
2179 + -2242 + 1 + 9 + 0 + 1
-52
What is 43 + -43 - 63 - -11 - (1 + -25)?
-28
What is -16 - -20 - (-30 - 2)?
36
Calculate (16 - (41 + -32) - -12) + -38.
-19
(-32 - -5) + 30 - 0 - (2 + -59)
60
What is (-2 - (-2 + 1)) + (-152 - -73 - -175)?
95
-1 + (4 - 0) + (12 + 26 - -45)
86
-9 + (0 - 1) + (-4533 - -4552)
9
What is the value of (-366 - -455) + (20 - 250)?
-141
Calculate (-25 - (-8 - 6)) + 2 - -7 - -33.
31
What is the value of 4 - 22 - (-79 + 63) - (-2 - 74)?
74
-22 - 0 - (342 + -342) - -24 - -23
25
Calculate (54 + -70 - -6) + 2 + -4 + 35.
23
Evaluate -24 - (-28 + 23 - (0 - -4)) - 10.
-25
Evaluate -1 - 1 - (10 + 6 - (74 + -57)).
-1
Evaluate (-11 + 16 - 20) + (-63 - 11) + (0 - -3).
-86
Calculate (-6 - (1 - -4) - -22 - 5) + -1.
5
What is (281 - 284) + (-18 - 0) + -3 + (0 - 0)?
-24
Calculate 0 - 2 - ((1 - 0 - 1) + 26339 + -26348).
7
Evaluate -19 + 0 - -2 - (-533 - -523).
-7
Evaluate -30 + 99 - -30 - -10.
109
Evaluate 235 - 232 - (13 - 7).
-3
13 - (-34 + (-15 - 13 - -21) - -8)
46
What is -50 + 40 + (-3 - (-3 + -11))?
1
Calculate (-24 - -64) + -8 + -8.
24
Calculate 6 + (37 - (-7 + 24) - -15) + (-1 - -11).
51
Evaluate -35 + 40 - (1 - 6) - 63.
-53
What is the value of 7 + (19 + -3 - -19 - 18 - 38)?
-14
What is the value of 9 + 9 + (0 - (-2 + -1)) + 3?
24
Evaluate (-53 - -122) + -28 - 62.
-21
Evaluate 108 + 4 + -27 + (32 - 3).
114
What is the value of -48 - (3 + 4 + 24 + -10 + -6)?
-63
Evaluate -8 - ((-6 - -9 - 3) + 9 + 78 + -4).
-91
What is (55 - -80 - 85) + -108?
-58
Evaluate -17 - 0 - (-31 - (219 - 253)).
-20
Evaluate (-84 - 104) + 269 + (-32 - -2).
51
Evaluate 115 + -93 + 98 + -97.
23
Evaluate 29 - 99 - -98 - 33.
-5
What is -53 + 8 + 7 + -715 + 665?
-88
92 - (-2 - -154) - -70
10
What is the value of (4 - 1) + -5 + 155 + 6017 + -6039?
131
-53 + 40 + -40 + 38 - 34
-49
-7 + (-1 + 10 - 11) + 0 + 15
6
What is the value of -13 - (-82 + (30 + -9 + -8 - 21))?
77
Calculate 11 + 10 - (-59 - (-71 - -5)).
14
Evaluate -2 + (-202 - -180) + (1 - 91 - -3).
-111
What is the value of -12 + 2 + -2 - (-5773 - -5741)?
20
What is the value of 1 + -42 + 3187 + -3206?
-60
Evaluate 17 + (34 + -46 - 7).
-2
Evaluate 20 + (-4 - 0 - -9) - -2.
27
What is the value of (-5 - (12 - (20 - -7))) + 52?
62
Evaluate (-6 - (4 + 0 + -54)) + -5.
39
3 + 9 - 10 - (-10 + -14 + 1 + 4)
21
66 - (11 - -66 - 33)
22
2 - (8 - 1) - (-5235 - -5279)
-49
Calculate -5203 + 5171 - (-5 - 0).
-27
What is the value of (12 + (0 - 4) - 5) + (-37 - -16 - 18)?
-36
Calculate -43 - ((-11 - -17 - 8) + 16 + -9 + 2).
-50
Evaluate (2 - (-1 - -12)) + 1 - (-29188 + 29156).
24
Calculate 86 - (24 - -42) - (0 + -37).
57
Evaluate 0 + 80 + (142 - (100 + 66)).
56
Evaluate (-1 - 4) + 0 - (-407 - -407) - 24.
-29
(3 - (-5 - (14 + -29))) + -32 + (-3 - -4)
-38
What is the value of 13 + -6 + -6 + -13 - 19?
-31
What is (-1 + -1 - 2)